(104)?
-26
Let w(v) = -30*v**3 + 327*v**2 + 35*v - 113. Give w(11).
-91
Let d(b) = -11*b**2 - 38*b + 251. Give d(10).
-1229
Let d(b) = -b**2 + 33823*b - 2194266. Calculate d(65).
4
Let o(s) = s**3 + 5041*s**2 + 155310*s - 22. What is o(-31)?
-22
Let z(v) = 24*v**2 - 202*v - 31. Calculate z(10).
349
Let v(g) = -g**3 + 433*g**2 - 480*g + 17236. Give v(432).
-3500
Let w(j) = -4*j**2 - 988*j - 13845. Give w(-14).
-797
Let b(d) = -d**2 - 29630*d + 237176. Determine b(8).
72
Let f(h) = 32*h - 2601. Determine f(48).
-1065
Let p(f) = -3578*f + 95075. Give p(27).
-1531
Let i(o) = -703*o + 22. Determine i(2).
-1384
Let q(m) = -567*m**2 - 1891*m + 1890. Calculate q(1).
-568
Let f(h) = 443*h**3 - 2649*h**2 - 33*h - 1. What is f(6)?
125
Let z(c) = -51*c**2 - 998*c - 515. Determine z(-19).
36
Let d(h) = -2887*h + 251150. What is d(87)?
-19
Let j(s) = 59*s**2 - 181*s + 382. Calculate j(6).
1420
Let b(a) = 2*a**3 - 534*a**2 - 5476*a + 614. Calculate b(-10).
-26
Let u(y) = -3*y**3 - 33*y**2 + 32*y - 54. Calculate u(-12).
-6
Let k(a) = 2180*a**2 - 898167*a + 2888. What is k(412)?
4
Let i(t) = -t**3 - 112*t**2 - 729*t + 629. What is i(-105)?
-1
Let y(m) = -916*m + 78829. Calculate y(86).
53
Let p(h) = -3*h**2 + 4036*h - 51943. What is p(13)?
18
Let n(p) = 2078*p + 517435. What is n(-249)?
13
Let c(m) = -553*m + 169209. Determine c(306).
-9
Let x(m) = -9874*m - 90501. Give x(-9).
-1635
Let d(p) = -1474*p + 15785. Give d(11).
-429
Let q(k) = k**3 + 17*k**2 - 88*k - 264. Calculate q(6).
36
Let g(b) = b**3 + 6*b**2 + 1283*b + 11803. Give g(-9).
13
Let y(n) = 6*n**2 + 1871*n + 21931. What is y(-12)?
343
Let d(l) = 540*l**3 - 2*l**2 + 11931*l - 11928. Determine d(1).
541
Let l(y) = -53612*y + 428884. Calculate l(8).
-12
Let h(n) = 1810*n + 349293. Determine h(-193).
-37
Let h(p) = -145738*p - 4663618. Give h(-32).
-2
Let k(q) = 186*q + 2968. Determine k(-19).
-566
Let a(t) = -1225380*t + 6126791. Determine a(5).
-109
Let q(c) = 35*c**2 + 353*c - 987. Determine q(3).
387
Let q(k) = 6*k**2 - 615*k + 15350. Give q(43).
-1
Let g(o) = o**3 - 27*o**2 + 133*o - 1377. What is g(20)?
-1517
Let d(r) = -164*r**2 + 327*r + 984. Give d(-3).
-1473
Let g(k) = 6*k**2 - 7239*k + 50712. What is g(7)?
333
Let j(s) = s**3 + 581*s**2 - 169121*s + 792. Determine j(-794).
-2
Let h(l) = -25*l**3 - 115*l**2 - 2*l. Calculate h(-5).
260
Let c(a) = 13*a**2 - 354*a + 2228. Calculate c(10).
-12
Let c(w) = 2*w**3 + 160*w**2 - 62*w - 4881. Determine c(-80).
79
Let q(h) = h**3 + 136*h**2 + 112*h + 94061. Determine q(-140).
-19
Let c(q) = 10*q**3 + 1237*q**2 - 1626*q - 88. Calculate c(-125).
37
Let w(a) = 7*a**2 + 3271*a - 5630. Determine w(-469).
-2
Let g(s) = -15*s**2 + 2497*s + 787410. Calculate g(327).
-6
Let v(b) = b**3 - 4*b**2 + 5815*b - 46543. Calculate v(8).
233
Let r(z) = -1809*z - 19821. Calculate r(-10).
-1731
Let v(f) = -1767*f + 9255. Give v(5).
420
Let q(k) = 615253*k + 16611840. Give q(-27).
9
Let v(h) = 25*h**3 + 241*h**2 + 1173*h + 3. Calculate v(-5).
-2962
Let q(r) = -r**3 + 81*r**2 - 1091*r + 27131. Calculate q(71).
80
Let u(a) = 2*a**3 - 554*a**2 + 1553*a + 24732. Give u(274).
-202
Let b(d) = d**2 - 2059*d + 10256. What is b(5)?
-14
Let z(m) = -10448*m + 553931. Determine z(53).
187
Let o(t) = -10*t**2 + 65238*t - 130463. Calculate o(2).
-27
Let l(h) = h**3 + 11*h**2 + 485*h + 5244. Determine l(-11).
-91
Let f(d) = 5*d**2 + 2191*d + 61591. Calculate f(-408).
-17
Let j(r) = 10*r**3 + 5*r**2 - 11186*r + 11185. Calculate j(1).
14
Let j(f) = -54*f**2 - 639*f + 176. What is j(-12)?
68
Let i(o) = 6886*o - 27635. Give i(4).
-91
Let y(j) = 57021*j + 171100. What is y(-3)?
37
Let z(l) = -70*l**2 + 203*l + 10916. Determine z(14).
38
Let q(f) = -5*f**2 - 381*f - 4462. What is q(-14)?
-108
Let h(q) = q**2 + 1874*q - 45490. Determine h(24).
62
Let q(x) = -29*x - 689. Calculate q(-61).
1080
Let t(r) = -1792*r + 21909. Give t(12).
405
Let l(v) = v**2 + 1406*v - 125563. What is l(84)?
-403
Let x(u) = 18951*u + 909685. What is x(-48)?
37
Let g(s) = 765*s - 148329. Calculate g(194).
81
Let f(l) = l**2 - 2029*l + 159659. Give f(82).
5
Let z(m) = 4*m**2 + 159*m - 22. Calculate z(-41).
183
Let z(d) = d**2 - 115*d - 8894. Give z(-53).
10
Let n(c) = c**2 - 149*c. What is n(146)?
-438
Let w(l) = -l**3 - 9*l**2 - 66*l + 1213. Give w(7).
-33
Let o(g) = g**3 - 165*g**2 - 851*g + 196. Give o(170).
26
Let j(b) = -b**3 - 362*b**2 - 9*b - 3266. Determine j(-362).
-8
Let z(g) = -g**3 - 98*g**2 - 2322*g - 586. Determine z(-58).
-470
Let h(g) = 14362*g - 832984. What is h(58)?
12
Let l(k) = k**2 - 3565*k - 969939. Give l(-254).
87
Let f(a) = -27*a**3 + 23*a**2 - 7*a + 25. Calculate f(5).
-2810
Let f(j) = -25397*j - 1955573. What is f(-77)?
-4
Let f(q) = -q**3 + 325*q**2 + 2635*q - 232. Calculate f(-8).
0
Let g(k) = 9*k**2 - 193*k + 623. Calculate g(4).
-5
Let p(b) = 2433*b**2 - 19461*b - 21. Give p(8).
3
Let k(j) = 2*j**2 + 389*j + 9949. What is k(-164)?
-55
Let y(n) = -2012*n + 1166965. Give y(580).
5
Let d(l) = -980*l + 17947. What is d(18)?
307
Let y(d) = -1859*d**2 - 18636*d + 58. Calculate y(-10).
518
Let p(i) = -i**2 - 214*i + 16657. Determine p(58).
881
Let k(g) = -g**2 - 882*g - 6140. Determine k(-7).
-15
Let z(w) = 2*w**2 - 130*w + 505. Determine z(43).
-1387
Let s(a) = -7944*a + 7286. Calculate s(1).
-658
Let v(w) = -26*w**2 - 1477*w + 9811. Give v(6).
13
Let m(l) = 1214*l + 17734. What is m(-15)?
-476
Let v(s) = s**2 - 70*s - 1161. Calculate v(78).
-537
Let z(m) = -1224*m + 744230. Give z(608).
38
Let l(h) = 521*h - 2179. Give l(4).
-95
Let c(q) = -20723*q + 186474. Calculate c(9).
-33
Let m(y) = -356*y - 10183. Calculate m(-27).
-571
Let d(k) = -k**3 - 52*k**2 - 395*k + 1046. Determine d(-42).
-4
Let m(j) = j**3 - 2895*j**2 + 28828*j + 205. What is m(10)?
-15
Let p(a) = 3*a**3 - 174*a**2 - 375*a + 906. Give p(60).
6
Let x(o) = -16580*o + 232072. Give x(14).
-48
Let y(k) = 312*k - 63049. Give y(202).
-25
Let b(y) = y**2 - 56869*y + 10. Calculate b(0).
10
Let p(y) = -156*y - 4139. Give p(-28).
229
Let a(b) = -39*b**2 - 605*b + 3. Determine a(-9).
2289
Let n(u) = -u**3 + 357*u**2 - 5*u + 259535. Determine n(359).
-22
Let f(z) = -11*z**2 - 152*z - 258. Calculate f(-11).
83
Let w(c) = 4*c**3 - 7*c**2 - 65*c - 22. Calculate w(-4).
-130
Let b(y) = -468*y + 14899. Determine b(32).
-77
Let p(a) = -89*a**2 + 1137*a + 259. Give p(13).
-1
Let c(s) = 48*s**3 + 79*s**2 - 62*s - 64. What is c(-2)?
-8
Let l(h) = 235391*h - 3060078. Determine l(13).
5
Let h(b) = 3*b**3 - 12*b**2 + 120*b - 292. What is h(3)?
41
Let b(h) = 6*h**3 - 120*h**2 - 7*h - 224. What is b(20)?
-364
Let j(m) = -192*m**2 + 7857*m + 608. Determine j(41).
-7
Let q(z) = z**2 + 316*z + 16988. Give q(-248).
124
Let x(j) = 5*j**3 + 235*j**2 - 97*j - 4524. Determine x(-47).
35
Let n(l) = -4790*l + 100565. Determine n(21).
-25
Let d(c) = 92*c**3 + 5*c**2 - 12*c - 6. Calculate d(0).
-6
Let n(r) = -3*r**3 - 93*r**2 - 713*r - 246. Calculate n(-18).
-48
Let f(s) = -2221*s - 76271. What is f(-34)?
-757
Let g(f) = 12*f**2 + 217*f + 192. What is g(-17)?
-29
Let p(b) = -236207*b + 2598296. Calculate p(11).
19
Let i(r) = 15*r**2 + 593*r + 387. What is i(-39)?
75
Let c(v) = -1986*v + 77195. What is c(39)?
-259
Let b(o) = o**3 - 17*o**2 + 9*o - 341. Give b(21).
1612
Let b(h) = h**3 + 41*h**2 - 383*h + 435. Give b(-49).
-6
Let n(x) = x**3 + 40*x**2 + 729*x + 53408. Calculate n(-48).
-16
Let l(b) = -b**3 - 61*b**2 + 138*b + 722. Give l(-63).
-34
Let h(c) = 172*c - 18924. Calculate h(111).
168
Let g(b) = 295*b - 8451. Give g(29).
104
Let p(q) = -q**3 + 83*q**2 + 1953*q - 1535. Give p(102).
-5
Let y(g) = g**3 + 2*g**2 + 11*g - 30. What is y(-10)?
-940
Let r(p) = 3*p**3 - 9*p**2 + 81*p - 474. What is r(6)?
336
Let b(i) = 1096*i - 3158. Calculate b(3).
130
Let f(w) = 191*w + 83260. Calculate f(-436).
-16
Let y(a) = -a**3 - 70*a**2 - 187*a - 6098. Calculate y(-69).
2044
Let r(y) = 311*y**2 - 56880*y - 6033. Give r(183).
6
Let g(o) = 164617*o + 2633906. Calculate g(-16).
34
Let r(b) = 41*b + 8316. What is r(-208)?
-212
Let l(m) = 1406*m - 388054. What is l(276)?
2
Let b(l) = 8811*l - 54499. Calculate b(7).
7178
Let f(p) = 40*p**3 - 961*p**2 + 25*p - 158. Give f(24).
-134
Let a(u) = 2*u**3 - 275*u**2 + 125*u + 1705. Calculate a(137).
61
Let o(t) = 2122*t + 655763. What i